he greatest common divisor of 3 and 309?
3
Calculate the highest common divisor of 120 and 96.
24
Calculate the highest common divisor of 14 and 322.
14
Calculate the highest common factor of 2425 and 25.
25
What is the greatest common factor of 1518 and 330?
66
What is the greatest common divisor of 987 and 210?
21
What is the highest common factor of 33 and 737?
11
What is the greatest common factor of 1180 and 580?
20
Calculate the highest common divisor of 126 and 175.
7
Calculate the greatest common factor of 372 and 12.
12
Calculate the greatest common divisor of 2183 and 59.
59
What is the highest common divisor of 3 and 993?
3
Calculate the highest common divisor of 238 and 840.
14
What is the highest common factor of 2 and 29?
1
Calculate the greatest common divisor of 32 and 288.
32
What is the greatest common factor of 1 and 64?
1
Calculate the greatest common factor of 7893 and 18.
9
What is the greatest common divisor of 497 and 3?
1
What is the highest common divisor of 1479 and 174?
87
Calculate the greatest common factor of 284 and 17.
1
What is the highest common factor of 150 and 102?
6
What is the highest common factor of 1288 and 168?
56
What is the highest common factor of 6 and 654?
6
What is the highest common factor of 12 and 5196?
12
What is the highest common factor of 372 and 132?
12
What is the highest common divisor of 28 and 63?
7
What is the highest common divisor of 3484 and 737?
67
Calculate the greatest common factor of 24 and 456.
24
What is the highest common factor of 306 and 68?
34
What is the highest common divisor of 15 and 495?
15
Calculate the highest common divisor of 16 and 52016.
16
What is the greatest common factor of 8 and 472?
8
What is the greatest common divisor of 36490 and 534?
178
What is the greatest common factor of 9169 and 173?
173
Calculate the highest common divisor of 93 and 7285.
31
What is the greatest common factor of 1885 and 65?
65
Calculate the highest common factor of 1248 and 192.
96
What is the greatest common factor of 6492 and 60?
12
What is the highest common factor of 8305 and 151?
151
Calculate the greatest common factor of 27 and 27.
27
What is the highest common factor of 540 and 20?
20
Calculate the greatest common divisor of 164 and 697.
41
Calculate the greatest common factor of 1992 and 120.
24
What is the greatest common factor of 234 and 36?
18
What is the highest common divisor of 250 and 1450?
50
Calculate the highest common divisor of 620 and 2356.
124
Calculate the greatest common factor of 138 and 678.
6
Calculate the greatest common divisor of 2632 and 126.
14
What is the greatest common divisor of 589 and 19?
19
What is the highest common factor of 1197 and 7?
7
What is the highest common divisor of 2584 and 988?
76
Calculate the greatest common factor of 4 and 64.
4
Calculate the greatest common divisor of 72 and 11748.
12
Calculate the greatest common divisor of 374 and 34.
34
What is the highest common factor of 42 and 231?
21
Calculate the highest common factor of 3781 and 38.
19
Calculate the greatest common factor of 928 and 2552.
232
Calculate the highest common factor of 13 and 56433.
13
What is the highest common divisor of 56 and 200?
8
Calculate the highest common divisor of 789 and 15.
3
Calculate the highest common factor of 21 and 7.
7
Calculate the greatest common divisor of 119 and 221.
17
What is the greatest common divisor of 12 and 1578?
6
What is the highest common divisor of 154 and 110?
22
Calculate the greatest common factor of 35 and 80.
5
What is the greatest common factor of 1792 and 28?
28
What is the greatest common divisor of 16 and 314?
2
What is the greatest common divisor of 847 and 6083?
77
What is the highest common factor of 20 and 365?
5
What is the greatest common factor of 60 and 240?
60
What is the greatest common divisor of 30 and 80?
10
Calculate the highest common factor of 69 and 6394.
23
What is the highest common factor of 1050 and 600?
150
What is the highest common factor of 60 and 6390?
30
Calculate the greatest common factor of 392 and 1036.
28
What is the greatest common divisor of 748 and 1276?
44
Calculate the highest common divisor of 2934 and 72.
18
What is the greatest common factor of 3642 and 108?
6
What is the greatest common divisor of 256 and 56?
8
Calculate the greatest common divisor of 38 and 13490.
38
What is the greatest common factor of 10 and 15230?
10
Calculate the highest common factor of 36 and 5238.
18
What is the greatest common factor of 227 and 12939?
227
Calculate the greatest common divisor of 14 and 64.
2
What is the highest common divisor of 84 and 56?
28
Calculate the greatest common factor of 1056 and 99.
33
Calculate the greatest common factor of 101 and 1919.
101
What is the highest common factor of 200 and 2150?
50
What is the greatest common factor of 261 and 957?
87
What is the highest common divisor of 16 and 1916?
4
Calculate the greatest common divisor of 282 and 24.
6
Calculate the greatest common factor of 50 and 21825.
25
What is the greatest common factor of 560 and 3780?
140
What is the greatest common factor of 234 and 1014?
78
Calculate the highest common divisor of 656 and 738.
82
What is the highest common factor of 71 and 2272?
71
What is the highest common factor of 82 and 9266?
82
What is the greatest common factor of 40 and 16?
8
What is the greatest common divisor of 10146 and 228?
114
What is the highest common factor of 34 and 1241?
17
Calculate the highest common factor of 7482 and 348.
174
What is the greatest common factor of 366 and 61?
61
What is the greatest common factor of 135 and 1530?
45
Calculate the highest common divisor of 4 and 22.
2
Calculate the greatest common factor of 88 and 1870.
22
What is the greatest common divisor of 1035 and 60?
15
What is the greatest common factor of 34 and 272?
34
What is the greatest common factor of 35 and 7875?
35
What is the greatest common factor of 169 and 1261?
13
Calculate the highest common divisor of 232 and 48.
8
What is the greatest common divisor of 2380 and 140?
140
What is the greatest common factor of 168 and 952?
56
What is the highest common divisor of 129 and 2537?
43
Calculate the highest common divisor of 504 and 21.
21
Calculate the greatest common divisor of 25 and 18950.
25
Calculate the greatest common factor of 855 and 45.
45
What is the highest common factor of 70 and 70?
70
Calculate the highest common factor of 95 and 152.
19
Calculate the greatest common divisor of 1096 and 8.
8
Calculate the greatest common factor of 6328 and 56.
56
Calculate the highest common divisor of 32 and 2.
2
Calculate the highest common factor of 150 and 350.
50
What is the greatest common factor of 96 and 2088?
24
What is the greatest common factor of 53 and 10547?
53
Calculate the highest common factor of 21 and 9681.
21
What is the greatest common factor of 19 and 95?
19
Calculate the greatest common factor of 4 and 144.
4
What is the greatest common factor of 200 and 25?
25
Calculate the highest common factor of 78 and 1794.
78
What is the highest common divisor of 2046 and 66?
66
Calculate the greatest common factor of 306 and 18.
18
Calculate the highest common factor of 3 and 321.
3
Calculate the highest common divisor of 2 and 674.
2
What is the highest common divisor of 205 and 82?
41
Calculate the greatest common factor of 9 and 5571.
9
Calculate the greatest common divisor of 3165 and 30.
15
What is the highest common divisor of 264 and 32?
8
Calculate the highest common divisor of 93 and 62.
31
What is the highest common divisor of 1 and 19?
1
Calculate the greatest common factor of 224 and 70.
14
Calculate the greatest common divisor of 6876 and 36.
36
What is the highest common divisor of 2032 and 32?
16
Calculate the highest common factor of 39 and 1599.
39
What is the greatest common factor of 330 and 1360?
10
Calculate the highest common divisor of 38 and 703.
19
What is the greatest common divisor of 10 and 180?
10
Calculate the highest common factor of 279 and 9.
9
What is the greatest common divisor of 7456 and 1165?
233
Calculate the highest common divisor of 31 and 75857.
31
What is the highest common divisor of 242 and 33?
11
What is the highest common factor of 564 and 6674